 of 6697 and 3367?
37
What is the highest common factor of 1536 and 2018816?
512
What is the greatest common factor of 472 and 643572?
236
Calculate the greatest common factor of 6890 and 8203.
13
Calculate the greatest common factor of 48 and 61616.
16
What is the greatest common divisor of 973 and 273969?
139
What is the greatest common divisor of 7460 and 370?
10
Calculate the greatest common factor of 77 and 1729.
7
Calculate the greatest common factor of 460 and 152996.
92
What is the greatest common factor of 348 and 1393566?
174
What is the greatest common divisor of 48 and 161112?
24
What is the greatest common factor of 59279 and 4301?
187
What is the greatest common divisor of 3885 and 3137415?
555
Calculate the greatest common divisor of 4212 and 12753.
117
What is the highest common divisor of 258 and 896851?
43
Calculate the greatest common factor of 308 and 448.
28
Calculate the highest common divisor of 240 and 175312.
16
What is the highest common divisor of 472868 and 363?
121
Calculate the greatest common factor of 252 and 344092.
28
What is the highest common factor of 1162172 and 6062?
866
What is the highest common factor of 1081 and 33793?
47
What is the highest common divisor of 2640 and 982608?
528
Calculate the greatest common factor of 8 and 214438.
2
Calculate the highest common divisor of 388321 and 12114.
673
Calculate the greatest common factor of 248 and 105803.
31
What is the greatest common divisor of 322 and 13466?
2
Calculate the greatest common factor of 10 and 1155530.
10
Calculate the highest common factor of 247366 and 56.
14
Calculate the highest common factor of 11552585 and 1595.
1595
Calculate the greatest common factor of 4416957 and 81.
27
Calculate the greatest common factor of 572 and 748.
44
Calculate the greatest common divisor of 51 and 31586.
17
Calculate the highest common divisor of 142 and 430.
2
What is the greatest common divisor of 324 and 550476?
324
Calculate the highest common factor of 249 and 30129.
249
What is the highest common factor of 588479 and 633?
211
Calculate the highest common divisor of 303897 and 99.
33
Calculate the highest common divisor of 17391 and 10013.
527
Calculate the greatest common divisor of 916553 and 97.
97
Calculate the greatest common divisor of 775 and 54529.
31
What is the greatest common factor of 1776788 and 188?
188
Calculate the highest common divisor of 228126 and 1544.
386
What is the highest common divisor of 63535 and 131?
131
Calculate the greatest common factor of 84889 and 469.
469
Calculate the greatest common factor of 23100 and 1122.
66
Calculate the highest common factor of 148 and 17376236.
148
What is the greatest common divisor of 1274 and 4394?
26
What is the greatest common factor of 256 and 61312?
128
Calculate the highest common factor of 31622 and 3586.
326
What is the greatest common divisor of 2282 and 3430?
14
Calculate the greatest common divisor of 94952 and 198.
22
Calculate the greatest common divisor of 192 and 881112.
24
Calculate the highest common factor of 996 and 578012.
332
What is the greatest common factor of 3 and 11789?
1
Calculate the highest common factor of 544992 and 4032.
672
What is the highest common factor of 215 and 5462462?
43
Calculate the greatest common factor of 3 and 13879.
1
Calculate the highest common divisor of 34 and 2154478.
34
Calculate the greatest common divisor of 1120 and 75680.
160
Calculate the highest common factor of 6 and 102162.
6
What is the highest common factor of 1142052 and 19?
19
What is the highest common divisor of 299947 and 29?
29
What is the highest common divisor of 1740 and 983448?
348
Calculate the highest common factor of 6 and 252942.
6
Calculate the highest common divisor of 21 and 122367.
21
What is the highest common factor of 215440 and 2048?
16
Calculate the highest common factor of 20953 and 69.
23
What is the highest common divisor of 21275709 and 273?
273
What is the highest common divisor of 84 and 3073?
7
What is the greatest common factor of 670632 and 72?
24
Calculate the highest common factor of 28 and 3584.
28
Calculate the highest common factor of 3234 and 198.
66
Calculate the highest common divisor of 12012 and 234780.
1092
Calculate the greatest common divisor of 1221662 and 494.
494
Calculate the highest common divisor of 342 and 1791567.
171
What is the highest common divisor of 238956 and 4?
4
Calculate the greatest common factor of 4941 and 6893.
61
Calculate the highest common factor of 400 and 305100.
100
Calculate the highest common factor of 4225360 and 80.
80
Calculate the greatest common divisor of 8785 and 245.
35
What is the greatest common divisor of 8 and 50311?
1
Calculate the highest common divisor of 90186 and 6.
6
What is the highest common divisor of 4200 and 46074?
42
What is the greatest common divisor of 64 and 1342?
2
What is the greatest common divisor of 216963 and 117?
9
Calculate the greatest common factor of 22072 and 24.
8
Calculate the greatest common factor of 153780 and 12540.
660
Calculate the greatest common factor of 1250 and 229300.
50
What is the highest common factor of 32849 and 428?
107
Calculate the greatest common divisor of 55 and 5480.
5
What is the greatest common factor of 35 and 679?
7
What is the greatest common divisor of 2 and 27623?
1
What is the highest common divisor of 8738 and 3598?
514
Calculate the greatest common divisor of 126 and 68586.
42
What is the greatest common factor of 120 and 122320?
40
What is the highest common divisor of 2777480 and 46?
46
What is the greatest common divisor of 137647 and 6431?
59
What is the greatest common divisor of 45671 and 17598?
419
Calculate the highest common factor of 45 and 231465.
15
What is the greatest common factor of 104895 and 1365?
105
Calculate the highest common divisor of 8049 and 3.
3
Calculate the greatest common divisor of 11842719 and 21.
21
What is the greatest common factor of 20628 and 216?
108
Calculate the greatest common factor of 119350 and 248.
62
Calculate the highest common factor of 106 and 125027.
53
What is the highest common divisor of 46 and 11431?
23
What is the greatest common divisor of 286304 and 23?
23
Calculate the greatest common divisor of 1323 and 22197.
147
Calculate the greatest common factor of 21371 and 1204.
301
What is the greatest common divisor of 3297 and 703360?
1099
Calculate the greatest common factor of 63640 and 100.
20
What is the highest common divisor of 1028675 and 1725?
575
What is the greatest common divisor of 3 and 570?
3
Calculate the greatest common divisor of 3618 and 6102.
54
Calculate the greatest common factor of 1210471 and 95.
19
What is the highest common factor of 3298 and 796370?
194
Calculate the highest common divisor of 668 and 121743.
167
Calculate the greatest common factor of 35746 and 366.
122
What is the highest common divisor of 861 and 120909?
123
What is the highest common factor of 228147 and 1017?
339
What is the greatest common factor of 2705 and 894273?
541
What is the highest common divisor of 152 and 34884?
76
What is the greatest common factor of 2970 and 178530?
330
Calculate the highest common divisor of 30710 and 9130.
830
Calculate the highest common factor of 739717 and 154.
11
What is the highest common divisor of 40 and 77860?
20
What is the greatest common factor of 670 and 838438?
134
Calculate the highest common divisor of 6647 and 50048.
391
What is the highest common divisor of 120780 and 99?
99
Calculate the greatest common divisor of 37904 and 368.
368
Calculate the highest common divisor of 360 and 90900.
180
What is the greatest common factor of 342 and 4598?
38
Calculate the greatest common divisor of 20 and 8685.
5
Calculate the greatest common factor of 794894 and 3498.
106
Calculate the highest common divisor of 1384 and 6554624.
1384
Calculate the highest common factor of 3321 and 29151.
369
What is the highest common divisor of 85 and 2592262?
17
What is the greatest common divisor of 140 and 301385?
35
Calculate the highest common divisor of 2929 and 899.
29
Calculate the highest common divisor of 120 and 136365.
15
What is the highest common factor of 1001441 and 7?
7
What is the highest common divisor of 875 and 18625?
125
What is t